{"id":65,"date":"2024-07-05T09:14:36","date_gmt":"2024-07-05T07:14:36","guid":{"rendered":"https:\/\/www.urbadep.com\/tienda\/?post_type=product&#038;p=65"},"modified":"2026-02-03T10:58:04","modified_gmt":"2026-02-03T09:58:04","slug":"comprar-balancin-muelle-moto","status":"publish","type":"product","link":"https:\/\/www.urbadep.com\/tienda\/producto\/comprar-balancin-muelle-moto\/","title":{"rendered":"Balanc\u00edn Muelle Moto"},"content":{"rendered":"<p>Muelle Moto para parques infantiles en ayuntamientos, colegios y comunidades de propietarios.<\/p>\n<p>Divertido muelle con figura de Moto, realizado en polietileno de alta densidad y muelle de acero pintado al horno.<\/p>\n<p>Esta tipolog\u00eda de juegos infantiles permite una f\u00e1cil adaptaci\u00f3n a los parques infantiles por sus dimensiones y su actividad desarrollada. Es un complemento perfecto para cualquier parque infantil.<\/p>\n<p>Muelle infantil de formas redondeadas proporcionando una seguridad m\u00e1xima. Muelle anti pinzamiento y asiento antideslizante, est\u00e1 especialmente recomendado para ni\u00f1os de 2 a 8 a\u00f1os.<\/p>\n<p>Un balanc\u00edn de muelle infantil homologado para uso comercial y p\u00fablico, adecuado para colegios, guarder\u00edas, hoteles, camping, comunidades de propietarios y parques infantiles p\u00fablicos.<\/p>\n<p>El muelle Moto es un juego infantil que estimula la imaginaci\u00f3n, el equilibrio y la socializaci\u00f3n de los ni\u00f1os. De uso f\u00e1cil y muy divertido, a los ni\u00f1os les encanta sentarse en este balanc\u00edn y sentir su movimiento y balanceo.<\/p>\n<p>Los muelles para parques infantiles junto con los balancines y\u00a0columpios para parques infantiles\u00a0 son los elementos de juego m\u00e1s importantes en las \u00e1reas infantiles.<\/p>\n<p>Muy seguro y resistente al uso intensivo y las inclemencias meteorol\u00f3gicas, permite una f\u00e1cil instalaci\u00f3n en cualquier \u00e1rea de juego exterior.<\/p>\n<h4><strong>Caracter\u00edsticas T\u00e9cnicas:<\/strong><\/h4>\n<p>Paneles fabricados en polietileno de alta densidad, monocolor o bicolor. Resistente a productos qu\u00edmicos y corrosi\u00f3n. Alta resistencia al impacto y es muy dif\u00edcil de romper. La superficie antideslizante proporciona seguridad para los ni\u00f1os y su base sint\u00e9tica impide el cultivo de bacterias y hongos. No requiere mantenimiento.<\/p>\n<p>Muelle en espiral de acero 35 NCD controlado en campo magnetosc\u00f3pico. Superficie tratada con chorro de arena, zinc y dos capas de poli\u00e9ster al polvo.<\/p>\n<p>Tubos de acero inoxidable AISI 304 de 25 mm de di\u00e1metro.<\/p>\n<p>Acero galvanizado.<\/p>\n<p>Torniller\u00eda en acero galvanizado, opcional acero inoxidable.<\/p>\n<p><strong>100 % Reciclable.<\/strong><\/p>\n<p><a href=\"https:\/\/www.urbadep.com\/tienda\/wp-content\/uploads\/2024\/07\/MUELLE-MOTO-MUELL-05.pdf\">Especificaciones T\u00e9cnicas<\/a><\/p>\n","protected":false},"excerpt":{"rendered":"<p>Muelle Moto para parques infantiles en ayuntamientos, colegios y comunidades de propietarios.<\/p>\n<p>Elemento hasta fin de stock.<\/p>\n","protected":false},"featured_media":448,"template":"","meta":{"site-sidebar-layout":"default","site-content-layout":"","ast-site-content-layout":"default","site-content-style":"default","site-sidebar-style":"default","ast-global-header-display":"","ast-banner-title-visibility":"","ast-main-header-display":"","ast-hfb-above-header-display":"","ast-hfb-below-header-display":"","ast-hfb-mobile-header-display":"","site-post-title":"","ast-breadcrumbs-content":"","ast-featured-img":"","footer-sml-layout":"","theme-transparent-header-meta":"default","adv-header-id-meta":"","stick-header-meta":"","header-above-stick-meta":"","header-main-stick-meta":"","header-below-stick-meta":"","astra-migrate-meta-layouts":"set","ast-page-background-enabled":"default","ast-page-background-meta":{"desktop":{"background-color":"var(--ast-global-color-4)","background-image":"","background-repeat":"repeat","background-position":"center center","background-size":"auto","background-attachment":"scroll","background-type":"","background-media":"","overlay-type":"","overlay-color":"","overlay-opacity":"","overlay-gradient":""},"tablet":{"background-color":"","background-image":"","background-repeat":"repeat","background-position":"center center","background-size":"auto","background-attachment":"scroll","background-type":"","background-media":"","overlay-type":"","overlay-color":"","overlay-opacity":"","overlay-gradient":""},"mobile":{"background-color":"","background-image":"","background-repeat":"repeat","background-position":"center center","background-size":"auto","background-attachment":"scroll","background-type":"","background-media":"","overlay-type":"","overlay-color":"","overlay-opacity":"","overlay-gradient":""}},"ast-content-background-meta":{"desktop":{"background-color":"var(--ast-global-color-5)","background-image":"","background-repeat":"repeat","background-position":"center center","background-size":"auto","background-attachment":"scroll","background-type":"","background-media":"","overlay-type":"","overlay-color":"","overlay-opacity":"","overlay-gradient":""},"tablet":{"background-color":"var(--ast-global-color-5)","background-image":"","background-repeat":"repeat","background-position":"center center","background-size":"auto","background-attachment":"scroll","background-type":"","background-media":"","overlay-type":"","overlay-color":"","overlay-opacity":"","overlay-gradient":""},"mobile":{"background-color":"var(--ast-global-color-5)","background-image":"","background-repeat":"repeat","background-position":"center center","background-size":"auto","background-attachment":"scroll","background-type":"","background-media":"","overlay-type":"","overlay-color":"","overlay-opacity":"","overlay-gradient":""}}},"product_brand":[],"product_cat":[20],"product_tag":[],"class_list":{"0":"post-65","1":"product","2":"type-product","3":"status-publish","4":"has-post-thumbnail","6":"product_cat-balancines","7":"desktop-align-left","8":"tablet-align-left","9":"mobile-align-left","11":"first","12":"instock","13":"taxable","14":"shipping-taxable","15":"purchasable","16":"product-type-simple"},"_links":{"self":[{"href":"https:\/\/www.urbadep.com\/tienda\/wp-json\/wp\/v2\/product\/65","targetHints":{"allow":["GET"]}}],"collection":[{"href":"https:\/\/www.urbadep.com\/tienda\/wp-json\/wp\/v2\/product"}],"about":[{"href":"https:\/\/www.urbadep.com\/tienda\/wp-json\/wp\/v2\/types\/product"}],"wp:featuredmedia":[{"embeddable":true,"href":"https:\/\/www.urbadep.com\/tienda\/wp-json\/wp\/v2\/media\/448"}],"wp:attachment":[{"href":"https:\/\/www.urbadep.com\/tienda\/wp-json\/wp\/v2\/media?parent=65"}],"wp:term":[{"taxonomy":"product_brand","embeddable":true,"href":"https:\/\/www.urbadep.com\/tienda\/wp-json\/wp\/v2\/product_brand?post=65"},{"taxonomy":"product_cat","embeddable":true,"href":"https:\/\/www.urbadep.com\/tienda\/wp-json\/wp\/v2\/product_cat?post=65"},{"taxonomy":"product_tag","embeddable":true,"href":"https:\/\/www.urbadep.com\/tienda\/wp-json\/wp\/v2\/product_tag?post=65"}],"curies":[{"name":"wp","href":"https:\/\/api.w.org\/{rel}","templated":true}]}}